(26 + 2)). What are the prime factors of u/(-6) + 14/(-21)?
2
Let g(d) = 4*d**2 + 14*d + 54. List the prime factors of g(-10).
2, 157
Suppose -4*x - 21 = l - 4, 0 = -3*l + 2*x + 5. Let p be -4 + 5 + 4 + l. Suppose -4*s + 76 = -2*y, s + p*s + 4*y - 95 = 0. List the prime factors of s.
19
What are the prime factors of (11 - 14)/(6900/(-6891) + 1)?
2297
Suppose -q + 624 = -5*c, -q - 3*q = -3*c - 388. Let j = 85 + c. List the prime factors of j/65*5*-2.
2, 3
Let j(t) = 39*t + 7. Let f be j(15). Suppose 4*n - f = 5*m, 2*n - 3*m + 126 = 424. What are the prime factors of n?
11, 13
Suppose -2*t + 18 = -5*t. Let z be 9/t*(-1 + -1). Suppose 24 = 4*q + z*x, -5*q + 2*x - 5 = -3*x. List the prime factors of q.
3
Suppose -g - 2*g = -3*k + 72, -3*g - 4*k = 79. Let l = 73 + g. Suppose -5*b + 140 = -4*d, -4*d + l = 4*b - 100. What are the prime factors of b?
2
Let x(k) = -12*k**2 + k**3 + 15*k**2 + 148 + k - k**2. What are the prime factors of x(0)?
2, 37
Let k(u) be the first derivative of u**4/4 + 10*u**3/3 + 4*u**2 + 13*u - 1. Suppose 2*q = 11*q + 81. What are the prime factors of k(q)?
2, 11
Let w = 112 + -75. Suppose -l + 14 = 10. Suppose -4*p - k = -0*p - 208, 0 = p + l*k - w. List the prime factors of p.
53
Suppose 4*k - 7150 = -21*k. List the prime factors of k.
2, 11, 13
Let x be ((-328)/6)/(((-28)/(-6))/(-7)). Suppose 0 = -5*p + 5*w + 470, 2*p - x = p - 3*w. What are the prime factors of p?
7, 13
Suppose 0 = -8*u + 4947 + 6141. What are the prime factors of u?
2, 3, 7, 11
Let h = 1183 + -257. List the prime factors of h.
2, 463
Suppose -5*q - 3*q = -32. List the prime factors of 1 + (142/8 + -1)*q.
2, 17
Let s(i) = 135*i**2 - i. Let l = -61 + 62. What are the prime factors of s(l)?
2, 67
Let a = 4640 + -3258. What are the prime factors of a?
2, 691
Suppose -18*d + 8627 = -733. List the prime factors of d.
2, 5, 13
Suppose -v - 4 = -309. Suppose -2*r + 3*r + 5*p = v, -3*r - 5*p = -895. What are the prime factors of r?
5, 59
Suppose 0 = -0*g - 6*g - 42. What are the prime factors of 11034/42 + 4 - 2/g?
3, 89
List the prime factors of 2 - 0 - (-203 + 3 + 1).
3, 67
Let f be (-9)/(-2)*(-112)/(-42). Let k be f/(-8) - (-138)/12. What are the prime factors of 64/k*(-13 - -18)?
2
Let l(c) = c**3 + 28*c**2 + 9*c - 1. List the prime factors of l(-25).
17, 97
Suppose 264 = 5*d - 2*l, l + 282 = 5*d + 5*l. Suppose -3*i + 0*i + d = 0. What are the prime factors of i/42 - (-60)/7?
3
Let o = 4 - -20. Suppose o = 5*u + u. Suppose 0 = -u*i + 5*i - 19. List the prime factors of i.
19
Suppose 5*t - 493 = -2*u, 5*t = -3*u + 618 - 126. What are the prime factors of t?
3, 11
Suppose -26 + 10 = -4*g. Let j be (g/9)/(34/153). Suppose -77 - 73 = -2*i + 4*f, j*f = -4*i + 280. What are the prime factors of i?
71
Let h = -255 - -267. Let c(r) = -r**3 + 2*r - 1. Let g be c(1). Suppose g = -h*f + 9*f + 15. What are the prime factors of f?
5
Let l = -3420 - -7664. What are the prime factors of l?
2, 1061
Let p = 2255 + -1397. What are the prime factors of p?
2, 3, 11, 13
Suppose -3*p + 4*p = 143. List the prime factors of p.
11, 13
Let t(l) = -l**2 + 9*l - 8. Let j be t(5). List the prime factors of (-1)/((-6)/(83*j)).
2, 83
Let l = 1162 + -590. What are the prime factors of l?
2, 11, 13
Let d(h) = -3*h + 3. Let c be d(1). Suppose c = k - 25 - 15. List the prime factors of k.
2, 5
Let c(h) = -25*h**3 - 4*h**2 - 7*h - 1. List the prime factors of c(-3).
659
Let h = 352 - 93. Suppose -8*c + h = -c. List the prime factors of c.
37
Let r(g) = 966*g + 39. What are the prime factors of r(3)?
3, 11, 89
Let k be 1/2 + 3129/14. Suppose -10*a + 14*a - k = 0. List the prime factors of a.
2, 7
Let u(z) = 114*z - 30. Let k be u(5). Suppose k = 8*d - 1044. What are the prime factors of d?
2, 3, 11
What are the prime factors of (-16*(-329)/(-6))/((-5)/15)?
2, 7, 47
Let t be 4/(-18) - 808/(-72). Let x be (-10)/(-55) - (-141)/t. Let i = -1 + x. List the prime factors of i.
2, 3
Let s = 136 - 127. Let q = s - -139. List the prime factors of q.
2, 37
Suppose 41 = f - 3*v, -3*f - 4*v + 100 = f. Suppose -o + 1 + 49 = 0. Let a = o - f. What are the prime factors of a?
3, 7
Let f = -14 - -132. List the prime factors of f.
2, 59
Let t(z) = z**3 + 3*z**2 - 2*z - 4. Let v be t(-3). Suppose 0 = -5*p - 3*f + 130, -3*f = -v*p - 4*f + 53. What are the prime factors of p?
29
Suppose 42*i - 46*i = 0. Let p = -3 + 6. Suppose -2*a = -10, -p*y + 122 = -i*y + 4*a. List the prime factors of y.
2, 17
Suppose -q + h + 1435 = 0, -30*h - 5 = -29*h. What are the prime factors of q?
2, 5, 11, 13
What are the prime factors of (-63)/54*(-66)/4*16?
2, 7, 11
Let l = -1896 - -2292. List the prime factors of l.
2, 3, 11
Suppose v - 7*v + 3*v = 0. Suppose -7*z + v*z + 252 = 0. What are the prime factors of z?
2, 3
Let y = -9 - -13. Suppose y*c - 48 = 4. List the prime factors of c.
13
Let a = -42 + 40. List the prime factors of ((-31)/(-1) + a)/(8/16).
2, 29
Let r = 219 - 120. Let z = r - 16. What are the prime factors of z?
83
What are the prime factors of 14/49 - ((-57849)/21 - 0)?
5, 19, 29
Suppose 0 = -h + 2*o - 4, -2*h + 0*h + 2*o = 12. List the prime factors of (-2)/h + (-6246)/(-72).
3, 29
Suppose 0 = a + 2*p + 3, 2*a - 5*p = 5*a + 6. Suppose -o - 4*q + 87 = 0, 3*q - 6*q + 225 = a*o. List the prime factors of o.
71
Suppose -5*m + 811 = -5*r - 229, r = -1. List the prime factors of m.
3, 23
Let t(z) be the first derivative of -z**3/3 + 5*z**2 + 7*z + 3. Suppose 4*k - 4*f = -k + 33, -5*f + 42 = 3*k. List the prime factors of t(k).
2
What are the prime factors of -11*(-3 - (0 + 6))?
3, 11
Let z = 55 + -78. Let t = 2 - 11. Let m = t - z. What are the prime factors of m?
2, 7
Let h = 94 - -17. Let v = h - 57. List the prime factors of v.
2, 3
Let b be 5 - -3*4/(-4). Suppose 3*h = -b*h - 15. What are the prime factors of h - 9*(0 - 1)?
2, 3
Suppose 0 = -3*n + 3*w + w + 17, 3*w - 3 = -3*n. Suppose -5*r - n*g = -82, 5*r - 66 = r - 2*g. Suppose -4*k = -3*k - r. What are the prime factors of k?
17
Let b = -32 + -10. Let f = b + 77. What are the prime factors of f?
5, 7
Suppose -3*m = -5*d, -4*d = m - d. Suppose 3*o = 6*o - k - 223, -o + k + 77 = m. What are the prime factors of o?
73
Suppose 0 = -7*s + 2*s. Suppose b + 64 = -5*l + 739, s = 5*l - 5*b - 705. Suppose 5*x - l - 149 = 0. What are the prime factors of x?
3, 19
Suppose 3*a + 0*a + 2*v = -19, 3*v + 31 = -5*a. Suppose 0 = -5*w - 3 - 7. What are the prime factors of a/(10/(-54)) + w?
5
Let h(v) = 5*v - 21. Let f be h(4). What are the prime factors of -3 - (3 - f - 88)?
3
Suppose 7*n = 3*n. Let m = n + 5. Suppose -15 - 65 = -m*j. What are the prime factors of j?
2
Let a = 182 + -123. Let m = a + -35. List the prime factors of m.
2, 3
Let g(p) = 11 + 5 + 287*p**2 - 23*p**2 + 5*p - 21. List the prime factors of g(1).
2, 3, 11
Let w(s) = -22*s - 18. List the prime factors of w(-23).
2, 61
Let y = 196 - -237. What are the prime factors of y?
433
List the prime factors of (-10)/((-3)/(-456)*-4).
2, 5, 19
Let u(z) = 11*z - 5. Let s be u(9). Let n be (210/(-9))/((-2)/6). Suppose 0 = 4*h - n - s. List the prime factors of h.
41
Suppose -4*w = 2*a + 26, 3*w = 5*a - 0*w + 13. Let l be 6/a*(-10)/4. Suppose 3*i + 30 = l*x, 5*i - 9 = -4. List the prime factors of x.
11
List the prime factors of (5 - (-1416)/(-16))*-12.
2, 3, 167
Suppose 0 = -2*a - 8, 4*a = 4*n - n - 7699. List the prime factors of n.
13, 197
Let u be 3/(-2) + (-36)/(-8). Let y be 4 - 3/(u + -6). Suppose y*h - 144 = -h. List the prime factors of h.
2, 3
Let w = -5 - -9. Suppose -19 = -2*f + 3*j, -f + 0*j + 22 = -w*j. Suppose f*x + v = 3*v + 58, 2*x + 4*v = 52. What are the prime factors of x?
2, 7
Suppose -2*k = 2*k + 20. Let u(i) = i + 19. Let n be u(0). Let d = n + k. List the prime factors of d.
2, 7
Suppose 3*p + 2*w = 1388, 8*w = -3*p + 3*w + 1382. What are the prime factors of p?
2, 29
Let o be 1 + (1 - -2 - -120). Let p = o + -77. List the prime factors of p.
47
Suppose 5*j - 20 = -q, -3*j + 14 = 4*q + 2. Suppose 6*i - i - 20 = q. List the prime factors of (i/6)/((-6)/(-396)).
2, 11
List the prime factors of (-1018)/(-14) + 10/(-315)*-9.
73
Let n be (-54)/(-90)*(-10)/(-2). Suppose 4*l = -2*o + 464, -n*o - 5*l + 465 = -o. List the prime factors of o.
2, 5, 23
Suppose 3 - 8 = h, -2*i + 2279 = h. List the prime fact